5 - -5. Suppose v = -3*r + 2*a + 516, -a + 879 = 5*r + 2*a. Calculate the greatest common factor of r and 58.
58
Let j be -1 + -5 + 3 + 16. Let c = j - 9. Suppose -4*l = c*r + 4, 2 + 1 = -r - 2*l. What is the greatest common divisor of 8 and r?
1
Let q = -9632 - -18843. Calculate the greatest common factor of q and 61.
61
Let o be 8/((-288)/(-2583)) - (-23)/92. Calculate the highest common factor of 6543 and o.
9
Let d(l) = 4*l - 26. Let u(b) = 2*b - 9. Let o be u(8). Let a be d(o). Let h be ((-3)/(-2))/(a/12). What is the greatest common divisor of 63 and h?
9
Suppose -6*o - 17 = -65. Let s be (3/6)/(2/o). Suppose 33 = s*t + 21. What is the highest common factor of t and 42?
6
Let x be 5 + 300 - (-1 - 0). Suppose 615 = 4*p + 3*r, 2*p = -4*r + 2*r + x. Calculate the greatest common divisor of p and 12.
12
Let j = 2189 + -1191. Calculate the highest common factor of j and 2.
2
Suppose 21 = 3*r + 5*f + 37, -r = 3*f + 12. Suppose d - r*w - 41 = 0, 2*d + 5*w = 38 - 11. Calculate the highest common divisor of 442 and d.
26
Suppose -j = 252 - 18. Let c be (112/(-336))/(1/j). Let l(a) = -18*a - 2. Let b be l(-3). Calculate the greatest common factor of b and c.
26
Let z = -397 - -843. Calculate the highest common factor of 2 and z.
2
Let n(m) = 2*m + 168. Let u be n(-62). Let o(s) = s**2 - 10*s - 16. Let r be o(12). Calculate the greatest common factor of u and r.
4
Suppose -34*z - 5154 + 9402 = -17886. Calculate the highest common factor of 217 and z.
217
Let u = 349 - 345. Suppose -5*q = 2*w - 1, 18 + 2 = -u*q. Let g be (-262)/(-5) + 2/(-5). What is the highest common factor of g and w?
13
Let c(b) = 21*b - 4. Suppose -3*m - 13 = 5*w, -2*m + 0*w + 23 = -3*w. Let s be c(m). What is the highest common factor of s and 20?
20
Let n be (-11)/(-4) - 2/(-8). Suppose n*d = 4*d - 9. Let g(b) = -2*b**3 + 77*b**2 - 38*b + 63. Let v be g(38). What is the greatest common factor of v and d?
9
Suppose -4*v = -8, v - 11 = q - 4*v. Let j be 74/8 + q - (-333)/444. What is the highest common factor of 765 and j?
9
Let f be (-4)/(((-550)/(-15))/(-11))*200. What is the highest common divisor of 96 and f?
48
Suppose 35 = -4*l - s + 247, -3*l + 150 = 3*s. Let h = 50 - l. Let v(d) = 3*d**2 + 7*d + 7. Let p be v(h). What is the greatest common divisor of p and 3?
3
Suppose -8*i + 7767 + 7653 - 1164 = 0. What is the highest common factor of 110 and i?
22
Let x = 5 + 4. Suppose 8 = -4*u, 4*q + 10*u = 8*u + 20. Let r(w) = 47*w - 246. Let c be r(q). What is the highest common factor of c and x?
9
Suppose -3*y = -8*y + 280. Let n be ((-1)/(-3))/(y/336). What is the greatest common factor of 16 and n?
2
Let r = 30954 + -17660. What is the highest common divisor of r and 102?
34
Let p = -19364 + 34169. Calculate the highest common divisor of p and 126.
63
Let w(i) = 2*i**3 - 9*i**2 - 4*i - 11. Let x be w(5). Let b = x - -4. Let s be -1*6/b + 2*1. Calculate the highest common divisor of s and 15.
5
Suppose -5*q = 2*r + 27 - 107, 196 = 4*r + q. Let n be (-30)/((2/8)/(176/(-1056))). Calculate the greatest common divisor of n and r.
10
Let a(f) be the first derivative of 5*f**2/2 - 28*f + 17. Let j be a(12). Let h be 0 + (2 + -3 - -9). What is the greatest common factor of h and j?
8
Let h(o) = -o + 15. Let a be h(0). Suppose r + 8 = -f - 3*r, -3*f - 24 = -2*r. Let v be -2*16/f + 101. What is the greatest common factor of a and v?
15
Suppose 5*y = 5*r + 15 + 20, r = -2. Suppose 10*c = -2*z + y*c + 479, -5*z + 1207 = 3*c. Calculate the highest common factor of z and 22.
22
Suppose p + 3*x = 3*p + 440, 2*p + 5*x + 440 = 0. Let u = 244 + p. Calculate the greatest common factor of u and 42.
6
Let x = 45 + 18. Suppose 65*f = x*f + 52. Let z = -14 - -27. Calculate the highest common factor of f and z.
13
Let p(z) = 121*z**2 - 2*z + 1. Let c be p(1). Suppose -98 = -5*x + h + 26, -12 = 3*h. What is the highest common divisor of x and c?
24
Let o = 21 + 20. Suppose -4*b - 2*j + 1283 = j, b - 319 = j. Let a = 8 + b. What is the greatest common factor of a and o?
41
Let j(c) = -c**3 + 1. Let f(b) = -6*b**3 + 9*b**2 - 2*b + 11. Let d(x) = -f(x) + 5*j(x). Let i be d(9). Calculate the highest common divisor of 84 and i.
12
Suppose -5*h = -4*q + 100, 99 = 5*q - 25*h + 22*h. What is the greatest common factor of 44205 and q?
15
Suppose 0 = 370*i - 4068 - 10732. Let m(f) = 2*f**2 + 12*f + 8. Let v be m(-10). What is the highest common factor of i and v?
8
Let u(s) = -3*s + 101. Let w be u(18). Suppose 0*f + 1320 = 4*f - 2*a, -4*f + 1310 = 3*a. Calculate the greatest common divisor of w and f.
47
Let b = -51 - -54. Suppose 11 = -b*o + 14. Let q(w) = 31*w. Let v be q(o). Calculate the highest common divisor of 155 and v.
31
Let i = 630 + 553. What is the greatest common divisor of i and 91?
91
Suppose 2*s = 3*g - 2184, 3838 = -4*s - 3*g - 512. Let t = s + 691. Let z = t - -614. Calculate the greatest common factor of 24 and z.
24
Let i(z) = 41. Let o(a) = a + 123. Let k(d) = -7*i(d) + 2*o(d). Let q be k(-18). Let p = q + 140. What is the greatest common factor of 7 and p?
7
Suppose 5*t - 7*t = -3*p - 65, p = 4*t - 155. What is the highest common divisor of 800 and t?
40
Let l = 88 - 70. Let b be (l/(-24))/(2/(-16)). Suppose -14 - 22 = -b*z. Calculate the greatest common divisor of 6 and z.
6
Let i(h) be the second derivative of h**4/4 + h**3 - 7*h**2/2 + 40*h. Let k be i(3). Calculate the greatest common factor of 722 and k.
38
Let m = -11666 - -11766. What is the greatest common divisor of m and 436?
4
Let x be 88/20 - (-2)/(-5). Let l(y) = 0*y + 0*y - 2 - x*y. Let j be l(-6). What is the highest common divisor of 33 and j?
11
Suppose -5*f + 895 = 5*i, -3*f + 304*i + 543 = 301*i. What is the greatest common factor of f and 3?
3
Let z = 7991 - 5369. What is the highest common divisor of z and 23?
23
Let h(u) = -u**2 - 13*u + 112. Let w be h(6). Let f be ((-10)/(-2))/(1 - w/(-3)). Calculate the highest common factor of f and 165.
15
Let o = 492 + 533. Let i = -321 + o. What is the greatest common factor of i and 64?
64
Let s(g) = g**2 + 19*g + 34. Let h be s(-18). Let k be -1 - (-7 - (-1 + -1 - 0)). Suppose -k*d + d = -240. Calculate the greatest common factor of d and h.
16
Let i(b) = 12*b - 18. Let f be i(4). Suppose -28*d = -f*d + 26. What is the greatest common divisor of d and 104?
13
Let n(d) = 131*d**2 - 3*d - 77. Let v be n(7). What is the greatest common divisor of v and 7?
7
Suppose -133*f + 556776 = 19*f. Calculate the greatest common factor of f and 99.
99
Let y(f) = 75*f - 8078. Let g be y(111). Let z be 1/(-2 - 158/(-78)). Calculate the highest common divisor of z and g.
13
Let r(m) = 4*m - 89. Suppose 2*g + 69 = 117. Let c be r(g). Let n(i) = -i**2 - 15*i + 7. Let l be n(-7). Calculate the greatest common divisor of c and l.
7
Let f = 351 - 231. Let l(k) = -k**2 + 9*k + 34. Let c be l(7). Calculate the highest common factor of f and c.
24
Let g(v) = -85*v - 1130. Let k be g(-26). Calculate the greatest common factor of k and 56.
8
Let v = -94 - -315. Let j be 239/7 + ((-41)/246 - 1/(-42)). Calculate the highest common divisor of j and v.
17
Suppose 12*v - 18*v + 90 = 0. Suppose 129 - v = 6*g. Let n be (-10)/(-4)*(3 + g). What is the highest common factor of n and 22?
11
Suppose 4*b = -3*o + 3*b + 262, 7*b - 214 = -3*o. Let u(z) = -4*z + 2. Let r = -10 - -6. Let n be u(r). What is the greatest common factor of o and n?
18
Let h(o) = -2*o**2 + 105*o - 1306. Let w be h(32). What is the greatest common factor of 3966 and w?
6
Suppose -11*v = v + 12. Let w(y) = -18*y**3 - 2*y**2 - 3*y - 1. Let h be w(v). Calculate the highest common divisor of h and 36.
18
Let r(n) = -2*n**3 - 5*n**2 - 7*n - 11. Let z be r(-5). Suppose 11*f = z - 17. Calculate the greatest common factor of f and 44.
4
Let h(l) = 22 - 2*l - 32*l + 15*l - 77. Let v be h(-5). Calculate the greatest common divisor of 100 and v.
20
Suppose 3*q + 493 = -3*m + 28, 10 = 5*m. Let c be 8*3/6 - q. What is the greatest common factor of c and 23?
23
Let x = 9959 - 9855. Calculate the greatest common factor of x and 24856.
104
Suppose -3*f + 2*w + 324 = 6*w, -572 = -5*f + 4*w. Suppose -4*j - 10 = -2*c - f, -3*j + 3*c + 84 = 0. What is the greatest common factor of j and 207?
23
Suppose -3*n + 2*a + 30 = 3*a, -n = -2*a - 3. Let u be ((-